 686*f = 685*f - 63. Let w(i) = -2*i + 31. Determine w(x).
7
Let q(u) = 6*u. Suppose -3*y = -4*y - h + 3, -5*y + 23 = -3*h. Let x(k) = 2*k - 6 + y - 1. Let n be x(1). Determine q(n).
-6
Let g(t) = 2*t**2 - 70*t + 127. Let m(x) = -x**2 + 38*x - 63. Let f(z) = -3*g(z) - 5*m(z). What is f(18)?
-30
Let z(t) = t**3 + 3*t**2 - 2*t + 8. Let l(k) = -k**3 - 4*k**2 + 3*k - 8. Let x = -102 - -108. Let p(i) = x*l(i) + 5*z(i). What is p(-10)?
12
Let h(o) = o**2 - 2*o - 3. Suppose 0 = 2*d - 14*d + 2*d. Suppose -4*y - 68 + 312 = d. Let i = y - 63. Calculate h(i).
5
Let w(y) be the first derivative of 5*y**2/2 - 22*y + 334. Give w(9).
23
Let r = 1 + -1. Suppose r = -3*h + 6*h. Let w(n) = -17*n**3 + 2*n**2 - n - 2. Let z(m) = -8*m**3 + m**2 - 2. Let p(f) = w(f) - 2*z(f). Determine p(h).
2
Let y(m) = -237*m - 73. Let p(v) = -67*v - 24. Let s(w) = -7*p(w) + 2*y(w). Determine s(3).
7
Let g(p) = p**3 - 15*p**2 + 53*p - 16. Let o be g(5). Let t(f) = 6*f**2 + 3*f + 2. Give t(o).
5
Let f(p) = -25 + 24*p + 15*p - 66 + 122 - 36*p. What is f(4)?
43
Let a(o) be the third derivative of -13*o**4/24 - 5*o**3 - 1490*o**2. What is a(-2)?
-4
Let z(p) = -p**3 + 12*p**2 - 13*p + 23. Let i be z(11). Let v(x) = -8 + 2 - 3*x + 2*x**2 - i + 3. Determine v(-3).
23
Let n(f) = 2*f**3 + 35*f**2 + 17*f - 1. Let b be n(-17). Let s be (3/2)/(b*3/(-2)). Let k(m) be the first derivative of m**2/2 + 28. Determine k(s).
1
Suppose -2*l + 2*g = -56, -5*g + 18 = l - 10. Suppose 2*m = l - 40. Let b(z) be the first derivative of z**4/4 + 5*z**3/3 - 3*z**2 + 5*z - 36. Determine b(m).
5
Let a(r) = -39*r + 121. Let j(b) = -52*b + 166. Let w(l) = -11*a(l) + 8*j(l). Give w(8).
101
Let j be 1/((-1)/(-39))*1. Suppose 15 - j = -3*k. Let x(p) be the first derivative of p**3/3 - 9*p**2/2 + 2*p - 448. Give x(k).
-6
Let u = -634 - -641. Let s(m) = -m + 63 - 63. Calculate s(u).
-7
Let a be (-2 - -2 - -3) + -116. Let r = a + 110. Let y(c) = -c**3 - 4*c**2 - 5*c - 2. Determine y(r).
4
Let y = -1624 + 1617. Let v(i) = i**3 + 6*i**2 - 10*i - 9. What is v(y)?
12
Let x(a) = a**3 - 6*a**2 + 6*a - 7. Suppose -2569*k + 2583*k = 70. What is x(k)?
-2
Let o(i) = i**3 + i. Let z(l) = -2*l**3 + 8*l**2 - 11*l + 6. Let b(h) = 3*o(h) + z(h). Let q = -280 + 205. Let v be (5*(-5)/q)/(1/(-27)). What is b(v)?
-3
Let f(a) = 2*a**2 - 25*a - 13. Suppose -2*j - 4 - 4 = 0, 0 = p + 2*j - 5. Determine f(p).
0
Let i(r) be the third derivative of -5/24*r**4 - 18*r + 0 + 3*r**2 - 1/2*r**3. Calculate i(-2).
7
Suppose -11*h = -15661 + 15573. Let i(n) = n**3 - 11*n**2 + 20*n + 6. Calculate i(h).
-26
Let m(f) = -32*f**2 - 6*f - 9. Let y(p) be the first derivative of -21*p**3 - 13*p**2/2 - 20*p - 101. Let u(l) = 9*m(l) - 4*y(l). Give u(-1).
-35
Suppose -103*o + 4*i = -101*o + 130, 3*o = 2*i - 179. Let b = 151 - 97. Let k = o + b. Let r(j) = j**2 - 3. Calculate r(k).
6
Let w(b) = 36*b - 38. Suppose 2*c + 5*p + 23 = -0*p, -5*c + 2*p = -15. Let v be w(c). Let q(a) = 0 + 5 - 4 - 5*a. What is q(v)?
11
Suppose 5*o + 5*l + 15 = 0, 3 - 9 = -4*o + 5*l. Let u(i) = i**2 + i + 1. Let x(h) = 5*h**2 - 2*h + 12. Let t(f) = o*x(f) + 4*u(f). Determine t(6).
-8
Let i(r) = 4*r**3 - 23*r**2 - r + 28. Let y(v) = -v**3 + 2*v**2 - 1. Let d(t) = -i(t) - 3*y(t). Determine d(17).
-8
Let r(w) be the first derivative of w**4/4 + 8*w**3/3 - 4*w**2 + 9*w + 72. Calculate r(-9).
0
Let b(o) = 11*o - 222. Suppose -32*t = 312*t + 42*t - 7720. What is b(t)?
-2
Let d(z) = 24*z**2 - z**3 + 880 - 788 - 21*z - 30*z + 48*z + 4*z**2. Give d(28).
8
Let k(n) = -2*n + 23. Let s be k(12). Suppose 5*g - 2*v = 17, -2*g + 5 + 9 = v. Let u(p) = -4 + g - p**2 + 0 - 6*p**3 + p + p**3. Calculate u(s).
4
Let t(z) be the second derivative of z**3/3 + 3*z**2 + 216*z - 3. Let i(l) = -l**2 + 7*l - 6. Suppose -12 = -5*c + 2*c. Let a be i(c). Calculate t(a).
18
Let h(j) be the first derivative of -j**3/3 + 8*j**2 - 21*j - 1. Let n(l) = 20*l**2 + 1429*l - 1434. Let m be n(1). Give h(m).
-6
Let c be 1/3*3 - -1. Let d(x) = -2*x + 0*x**2 - x**c - 2 + 7*x. Let r = 4468 + -4462. Determine d(r).
-8
Let g(j) = -j**2 + 6211 - 3108 - 3096 - 5*j. Give g(7).
-77
Let q(o) = 3*o**2 + 12*o - 11. Suppose 488 = -311*y - 1067. What is q(y)?
4
Let j(p) = -p**3 - 7*p**2 + 20*p + 10. Let s be j(-9). Let f be s/(-18)*(-108)/(-8). Let i(r) = r**3 - 5*r**2 - 2*r + 8. Calculate i(f).
32
Let x(y) = 17*y + 11. Let b(r) = 12*r**2 - 19*r - 6. Let j be b(8). Let i(w) = 5*w + j - 8*w - 612. Let q(g) = -11*i(g) - 2*x(g). Determine q(6).
-6
Suppose 3*w - 5*q - 29 = 0, 6*q - 3*q = 2*w - 17. Let b(p) = 11*p**3 - 2*p**2 + 2*p + 2. What is b(w)?
-98
Let s(o) = 0 - 2*o**2 - o + 7*o - 3. Suppose -300*w + 20*w - 62*w = -1368. What is s(w)?
-11
Let v(c) = 49350*c + 2 - 49339*c + 0. What is v(5)?
57
Let g(w) = w**2 + 7*w. Let q(m) = 6*m**2 + 35*m - 1. Suppose -5*y - 21 = 2*a, 3*a + 11*y - 6*y + 19 = 0. Let l(u) = a*q(u) - 11*g(u). Give l(7).
-2
Let g(k) be the third derivative of k**6/120 + k**5/60 + 7*k**4/24 - 13*k**3/6 + 4*k**2 + 775*k. Calculate g(2).
13
Let r(b) = b**2 + b. Suppose 36 = -12*q + 3*q. Let t(x) = x**3. Let d(p) = q*r(p) - t(p). Let w be 2/(-6) - 16/6. Determine d(w).
3
Let t(b) = b**3 + 11*b**2 + 21*b + 47. Let y(s) = 291*s + 3482. Let k be y(-12). Calculate t(k).
-63
Let z = 9302 - 9299. Let w(y) = -y**2 + 4*y + 11. Calculate w(z).
14
Let n(w) = -w + 26. Let s(f) = 4*f - 77. Let h(x) = 7*n(x) + 2*s(x). Let j = 89024 - 89024. Give h(j).
28
Suppose k = -k + 2. Let q(o) = -4*o + 24. Let g(s) = -s + 2. Let c(y) = 12*g(y) - q(y). Calculate c(k).
-8
Let w(j) = -3*j**2 - 6. Suppose 33*z - 6 = 34*z, 0 = d - z - 11. Determine w(d).
-81
Let z(u) be the second derivative of -u**3/3 + u**2 - 276*u - 102. Let q(c) = c**2 - 9*c + 8. Let f be q(7). Determine z(f).
14
Let u(p) = 221*p + 179. Let r(n) = -664*n - 405. Let x(t) = 2*r(t) + 7*u(t). What is x(-2)?
5
Let q = 8685 + -8694. Let b(l) = l**2 + 29*l + 180. Calculate b(q).
0
Let g(j) = 2*j - 7. Let o(f) = 2*f**2 + 5*f + 68. Let x be o(-7). Suppose 5*c = -304 - x. Let a = 92 + c. What is g(a)?
3
Let d(y) = -y**3 + 3*y**2 + 4*y - 1. Let g = -38 + 51. Suppose -4*r + 3*r + g = 0. Let o = r + -9. Determine d(o).
-1
Suppose c = -4*w - 26, 0 = 2*w + c + 2*c + 18. Let i(m) = -m**3 + 5*m**2 - 3. Let u(b) = -b**3 + 4*b**2 - 4. Let k(r) = w*u(r) + 5*i(r). What is k(0)?
9
Let z = -11 - -21. Suppose -2*w - k + 5 + 24 = 0, w + 5*k - 37 = 0. Let y(o) = -o**3 - 8*o**2 - 9*o**2 + 2*o**3 - w*o**2 - 2 + 18*o**2 + 11*o. Determine y(z).
8
Let b(d) = d**3 + d - 4. Suppose -6*l + 9*l + 3*i = -9, 2*i = -l - 6. Determine b(l).
-4
Let z(x) be the third derivative of -x**5/30 - x**4/24 + 5*x**3/6 + 24*x**2. Let c(v) be the first derivative of z(v). Give c(4).
-17
Let p = -7 + 5. Let v = 735 - 732. Let l(d) = -21*d**3 + 1 + 50*d**3 + 2*d - 32*d**v. What is l(p)?
21
Let d(b) = b**3 - 3*b**2 - b - 3. Suppose 5*k + 3*w - 38 = 0, 4*k - 4*w + 16 = 8. Determine d(k).
9
Let i(o) be the first derivative of o**6/120 - o**5/6 + 7*o**4/12 + 3*o**3 - 159*o**2/2 - 42. Let p(m) be the second derivative of i(m). What is p(8)?
2
Suppose 0 = 3*f - 3*o - 3, -22*o - 9 = -2*f - 27*o. Let t(j) be the second derivative of 1/2*j**3 - 1/2*j**2 - f*j - 1/12*j**4 + 0. What is t(6)?
-19
Let w(h) = h**2 + 5*h - 7. Suppose 7 = -j + 3*v, -v = -2*j - 0*v - 4. Let t be 0 - (j - (-4)/4)/(-2). Suppose -4*y - 71 + 43 = t. Give w(y).
7
Let t = -4718 + 4707. Let w(u) = -u**2 - 6*u + 20. What is w(t)?
-35
Suppose 52*i + 204 = -36*i - 148. Let p(b) = -3*b**2 - 10*b - 7. Determine p(i).
-15
Let p(d) be the first derivative of 21*d + 23 - 1/4*d**4 + 12*d**2 - 3*d**3. Let f be p(-11). Let a(c) = 4*c. What is a(f)?
-4
Let b(q) = -q**2 - 39*q - 57. Let k(z) = z**2 + 38*z + 60. Let w(l) = 4*b(l) + 5*k(l). Give w(-31).
-21
Let n(k) = 4*k - 4. Let w(d) be the first derivative of -d**2/2 + d + 3. Let i be -10*(4/16)/((-2)/4). Let h(y) = i*w(y) + n(y). Calculate h(-9).
10
Let t(c) = -c**2 - 5 - 5*c + 2 + 2 - 2. Let v(k) be the first derivative of k**4/4 - 29*k**3/3 - 15*k**2 - 4*k + 75. Let p be v(30). What is t(p)?
1
Let z be (0 + 3 - (-6 - -10))*-5. Let w(d) = d**3 - 6*d**2 + 8*d - 9. Calculate w(z).
6
Let o(u) = -3 + 18*u - 21*u + 13 - 4 + 25. Give o(7).
10
Let g(r) = r**2 + 4*r - 2. Suppose 4*i = -4*v - 16 + 20, 22 = 4*i - 5*v. Calculate g(i).
19
Let d be